{"version":"1.0","provider_name":"CCLA","provider_url":"https:\/\/ccla.org\/fr","title":"Statement on expansion of facial recognition by US border officials - CCLA","type":"rich","width":600,"height":338,"html":"<blockquote class=\"wp-embedded-content\" data-secret=\"EGdN2UV1Db\"><a href=\"https:\/\/ccla.org\/fr\/intimite\/expansion-of-faciail-recognition-by-us-border-officials\/\">D\u00e9claration sur l'extension de la reconnaissance faciale par les autorit\u00e9s frontali\u00e8res am\u00e9ricaines<\/a><\/blockquote><iframe sandbox=\"allow-scripts\" security=\"restricted\" src=\"https:\/\/ccla.org\/fr\/intimite\/expansion-of-faciail-recognition-by-us-border-officials\/embed\/#?secret=EGdN2UV1Db\" width=\"600\" height=\"338\" title=\"&laquo; Statement on expansion of facial recognition by US border officials &raquo; &#8212; CCLA\" data-secret=\"EGdN2UV1Db\" frameborder=\"0\" marginwidth=\"0\" marginheight=\"0\" scrolling=\"no\" class=\"wp-embedded-content\"><\/iframe><script type=\"text\/javascript\">\n\/* <![CDATA[ *\/\n\/*! This file is auto-generated *\/\n!function(d,l){\"use strict\";l.querySelector&&d.addEventListener&&\"undefined\"!=typeof URL&&(d.wp=d.wp||{},d.wp.receiveEmbedMessage||(d.wp.receiveEmbedMessage=function(e){var t=e.data;if((t||t.secret||t.message||t.value)&&!\/[^a-zA-Z0-9]\/.test(t.secret)){for(var s,r,n,a=l.querySelectorAll('iframe[data-secret=\"'+t.secret+'\"]'),o=l.querySelectorAll('blockquote[data-secret=\"'+t.secret+'\"]'),c=new RegExp(\"^https?:$\",\"i\"),i=0;i<o.length;i++)o[i].style.display=\"none\";for(i=0;i<a.length;i++)s=a[i],e.source===s.contentWindow&&(s.removeAttribute(\"style\"),\"height\"===t.message?(1e3<(r=parseInt(t.value,10))?r=1e3:~~r<200&&(r=200),s.height=r):\"link\"===t.message&&(r=new URL(s.getAttribute(\"src\")),n=new URL(t.value),c.test(n.protocol))&&n.host===r.host&&l.activeElement===s&&(d.top.location.href=t.value))}},d.addEventListener(\"message\",d.wp.receiveEmbedMessage,!1),l.addEventListener(\"DOMContentLoaded\",function(){for(var e,t,s=l.querySelectorAll(\"iframe.wp-embedded-content\"),r=0;r<s.length;r++)(t=(e=s[r]).getAttribute(\"data-secret\"))||(t=Math.random().toString(36).substring(2,12),e.src+=\"#?secret=\"+t,e.setAttribute(\"data-secret\",t)),e.contentWindow.postMessage({message:\"ready\",secret:t},\"*\")},!1)))}(window,document);\n\/* ]]> *\/\n<\/script>","thumbnail_url":"https:\/\/ccla.org\/wp-content\/uploads\/2021\/06\/facial-recognition-technology-concept-as-woman-has-XFHEMRQ.jpg","thumbnail_width":2000,"thumbnail_height":800,"description":"The Canadian Civil Liberties Association is concerned by the U.S. Customs and Border Patrol\u2019s recent proposal to dramatically expand its use of flawed and intrusive facial recognition on people departing the United States, including Canadians."}

<blockquote class="wp-embedded-content" data-secret="EGdN2UV1Db"><a href="https://ccla.org/fr/intimite/expansion-of-faciail-recognition-by-us-border-officials/">Déclaration sur l'extension de la reconnaissance faciale par les autorités frontalières américaines</a></blockquote><iframe sandbox="allow-scripts" security="restricted" src="https://ccla.org/fr/intimite/expansion-of-faciail-recognition-by-us-border-officials/embed/#?secret=EGdN2UV1Db" width="600" height="338" title="&laquo; Statement on expansion of facial recognition by US border officials &raquo; &#8212; CCLA" data-secret="EGdN2UV1Db" frameborder="0" marginwidth="0" marginheight="0" scrolling="no" class="wp-embedded-content"></iframe><script type="text/javascript">
/* <![CDATA[ */
/*! This file is auto-generated */
!function(d,l){"use strict";l.querySelector&&d.addEventListener&&"undefined"!=typeof URL&&(d.wp=d.wp||{},d.wp.receiveEmbedMessage||(d.wp.receiveEmbedMessage=function(e){var t=e.data;if((t||t.secret||t.message||t.value)&&!/[^a-zA-Z0-9]/.test(t.secret)){for(var s,r,n,a=l.querySelectorAll('iframe[data-secret="'+t.secret+'"]'),o=l.querySelectorAll('blockquote[data-secret="'+t.secret+'"]'),c=new RegExp("^https?:$","i"),i=0;i<o.length;i++)o[i].style.display="none";for(i=0;i<a.length;i++)s=a[i],e.source===s.contentWindow&&(s.removeAttribute("style"),"height"===t.message?(1e3<(r=parseInt(t.value,10))?r=1e3:~~r<200&&(r=200),s.height=r):"link"===t.message&&(r=new URL(s.getAttribute("src")),n=new URL(t.value),c.test(n.protocol))&&n.host===r.host&&l.activeElement===s&&(d.top.location.href=t.value))}},d.addEventListener("message",d.wp.receiveEmbedMessage,!1),l.addEventListener("DOMContentLoaded",function(){for(var e,t,s=l.querySelectorAll("iframe.wp-embedded-content"),r=0;r<s.length;r++)(t=(e=s[r]).getAttribute("data-secret"))||(t=Math.random().toString(36).substring(2,12),e.src+="#?secret="+t,e.setAttribute("data-secret",t)),e.contentWindow.postMessage({message:"ready",secret:t},"*")},!1)))}(window,document);
/* ]]> */
</script>
